{"id":5290,"date":"2025-10-09T09:04:51","date_gmt":"2025-10-09T09:04:51","guid":{"rendered":"http:\/\/rtdszcw.cluster100.hosting.ovh.net\/index.php\/produit\/miel-a-la-spiruline-250g\/"},"modified":"2026-03-16T06:25:34","modified_gmt":"2026-03-16T06:25:34","slug":"miel-a-la-spiruline-250g","status":"publish","type":"product","link":"https:\/\/www.spirulineangevine.com\/index.php\/produit\/miel-a-la-spiruline-250g\/","title":{"rendered":"Miel \u00e0 la spiruline (250g)"},"content":{"rendered":"<p>Sp\u00e9cialit\u00e9 de miel de printemps toute fleurs cr\u00e9meux, r\u00e9colt\u00e9 par Miel &#038; Gourmandises, m\u00e9lang\u00e9 avec de la spiruline en poudre. D\u00e9licieuse texture de p\u00e2te \u00e0 tartiner !<\/p>\n<p>Un \u00ab\u00a0Produit en Anjou\u00a0\u00bb !<\/p>\n","protected":false},"excerpt":{"rendered":"<p>Sp\u00e9cialit\u00e9 de miel de printemps toute fleurs cr\u00e9meux, r\u00e9colt\u00e9 par Miel &#038; Gourmandises, m\u00e9lang\u00e9 avec de la spiruline en poudre. D\u00e9licieuse texture de p\u00e2te \u00e0 tartiner ! Un \u00ab\u00a0Produit en Anjou\u00a0\u00bb !<\/p>\n","protected":false},"featured_media":5294,"template":"","meta":{"_vp_format_video_url":"","_vp_image_focal_point":[]},"product_brand":[],"product_cat":[53],"product_tag":[],"class_list":{"0":"post-5290","1":"product","2":"type-product","3":"status-publish","4":"has-post-thumbnail","6":"product_cat-melange-sucre","7":"product_shipping_class-colissimo","9":"first","10":"instock","11":"taxable","12":"shipping-taxable","13":"purchasable","14":"product-type-simple"},"aioseo_notices":[],"jetpack_sharing_enabled":true,"_links":{"self":[{"href":"https:\/\/www.spirulineangevine.com\/index.php\/wp-json\/wp\/v2\/product\/5290","targetHints":{"allow":["GET"]}}],"collection":[{"href":"https:\/\/www.spirulineangevine.com\/index.php\/wp-json\/wp\/v2\/product"}],"about":[{"href":"https:\/\/www.spirulineangevine.com\/index.php\/wp-json\/wp\/v2\/types\/product"}],"wp:featuredmedia":[{"embeddable":true,"href":"https:\/\/www.spirulineangevine.com\/index.php\/wp-json\/wp\/v2\/media\/5294"}],"wp:attachment":[{"href":"https:\/\/www.spirulineangevine.com\/index.php\/wp-json\/wp\/v2\/media?parent=5290"}],"wp:term":[{"taxonomy":"product_brand","embeddable":true,"href":"https:\/\/www.spirulineangevine.com\/index.php\/wp-json\/wp\/v2\/product_brand?post=5290"},{"taxonomy":"product_cat","embeddable":true,"href":"https:\/\/www.spirulineangevine.com\/index.php\/wp-json\/wp\/v2\/product_cat?post=5290"},{"taxonomy":"product_tag","embeddable":true,"href":"https:\/\/www.spirulineangevine.com\/index.php\/wp-json\/wp\/v2\/product_tag?post=5290"}],"curies":[{"name":"wp","href":"https:\/\/api.w.org\/{rel}","templated":true}]}}