{"id":5289,"date":"2025-10-09T09:04:50","date_gmt":"2025-10-09T09:04:50","guid":{"rendered":"http:\/\/rtdszcw.cluster100.hosting.ovh.net\/index.php\/produit\/miel-bleu-a-la-phycocyanine-250g\/"},"modified":"2026-03-16T06:25:46","modified_gmt":"2026-03-16T06:25:46","slug":"miel-bleu-a-la-phycocyanine-250g","status":"publish","type":"product","link":"https:\/\/www.spirulineangevine.com\/index.php\/produit\/miel-bleu-a-la-phycocyanine-250g\/","title":{"rendered":"Miel bleu \u00e0 la phycocyanine (250g)"},"content":{"rendered":"<p>Sp\u00e9cialit\u00e9 de miel de printemps toutes fleurs cr\u00e9meux, r\u00e9colt\u00e9 par Miel &#038; Gourmandises, m\u00e9lang\u00e9 avec le pigment naturel bleu, tr\u00e8s antioxydant, extrait de la spiruline : la phycocyanine.<\/p>\n<p>Un miel bleu turquoise \u00e9tonnant !<\/p>\n<p>Un \u00ab\u00a0Produit en Anjou\u00a0\u00bb !<\/p>\n<p>&nbsp;<\/p>\n","protected":false},"excerpt":{"rendered":"<p>Sp\u00e9cialit\u00e9 de miel de printemps toutes fleurs cr\u00e9meux, r\u00e9colt\u00e9 par Miel &#038; Gourmandises, m\u00e9lang\u00e9 avec le pigment naturel bleu, tr\u00e8s antioxydant, extrait de la spiruline : la phycocyanine. Un miel bleu turquoise \u00e9tonnant ! Un \u00ab\u00a0Produit en Anjou\u00a0\u00bb ! &nbsp;<\/p>\n","protected":false},"featured_media":5292,"template":"","meta":{"_vp_format_video_url":"","_vp_image_focal_point":[]},"product_brand":[],"product_cat":[53],"product_tag":[],"class_list":{"0":"post-5289","1":"product","2":"type-product","3":"status-publish","4":"has-post-thumbnail","6":"product_cat-melange-sucre","7":"product_shipping_class-colissimo","9":"first","10":"instock","11":"taxable","12":"shipping-taxable","13":"purchasable","14":"product-type-simple"},"aioseo_notices":[],"jetpack_sharing_enabled":true,"_links":{"self":[{"href":"https:\/\/www.spirulineangevine.com\/index.php\/wp-json\/wp\/v2\/product\/5289","targetHints":{"allow":["GET"]}}],"collection":[{"href":"https:\/\/www.spirulineangevine.com\/index.php\/wp-json\/wp\/v2\/product"}],"about":[{"href":"https:\/\/www.spirulineangevine.com\/index.php\/wp-json\/wp\/v2\/types\/product"}],"wp:featuredmedia":[{"embeddable":true,"href":"https:\/\/www.spirulineangevine.com\/index.php\/wp-json\/wp\/v2\/media\/5292"}],"wp:attachment":[{"href":"https:\/\/www.spirulineangevine.com\/index.php\/wp-json\/wp\/v2\/media?parent=5289"}],"wp:term":[{"taxonomy":"product_brand","embeddable":true,"href":"https:\/\/www.spirulineangevine.com\/index.php\/wp-json\/wp\/v2\/product_brand?post=5289"},{"taxonomy":"product_cat","embeddable":true,"href":"https:\/\/www.spirulineangevine.com\/index.php\/wp-json\/wp\/v2\/product_cat?post=5289"},{"taxonomy":"product_tag","embeddable":true,"href":"https:\/\/www.spirulineangevine.com\/index.php\/wp-json\/wp\/v2\/product_tag?post=5289"}],"curies":[{"name":"wp","href":"https:\/\/api.w.org\/{rel}","templated":true}]}}