{"id":5029,"date":"2025-08-25T10:40:16","date_gmt":"2025-08-25T10:40:16","guid":{"rendered":"http:\/\/rtdszcw.cluster100.hosting.ovh.net\/?post_type=product&#038;p=5029"},"modified":"2025-11-23T13:23:24","modified_gmt":"2025-11-23T13:23:24","slug":"spiruline-crue-deshydratee-en-paillettes-100gr","status":"publish","type":"product","link":"https:\/\/www.spirulineangevine.com\/index.php\/produit\/spiruline-crue-deshydratee-en-paillettes-100gr\/","title":{"rendered":"Spiruline crue d\u00e9shydrat\u00e9e en paillettes | 50gr"},"content":{"rendered":"<p>Ce sachet correspond \u00e0 15j de consommation pour une personne, de quoi tester le go\u00fbt et la forme croustillante des paillettes.<\/p>\n<p>Un \u00ab\u00a0Produit en Anjou\u00a0\u00bb !<\/p>\n","protected":false},"excerpt":{"rendered":"<p>gsgdsdgs<\/p>\n","protected":false},"featured_media":5389,"template":"","meta":{"_vp_format_video_url":"","_vp_image_focal_point":[]},"product_brand":[],"product_cat":[42],"product_tag":[43,44],"class_list":{"0":"post-5029","1":"product","2":"type-product","3":"status-publish","4":"has-post-thumbnail","6":"product_cat-paillettes","7":"product_tag-paillettes","8":"product_tag-sachet","10":"first","11":"instock","12":"taxable","13":"shipping-taxable","14":"purchasable","15":"product-type-simple"},"aioseo_notices":[],"jetpack_sharing_enabled":true,"_links":{"self":[{"href":"https:\/\/www.spirulineangevine.com\/index.php\/wp-json\/wp\/v2\/product\/5029","targetHints":{"allow":["GET"]}}],"collection":[{"href":"https:\/\/www.spirulineangevine.com\/index.php\/wp-json\/wp\/v2\/product"}],"about":[{"href":"https:\/\/www.spirulineangevine.com\/index.php\/wp-json\/wp\/v2\/types\/product"}],"wp:featuredmedia":[{"embeddable":true,"href":"https:\/\/www.spirulineangevine.com\/index.php\/wp-json\/wp\/v2\/media\/5389"}],"wp:attachment":[{"href":"https:\/\/www.spirulineangevine.com\/index.php\/wp-json\/wp\/v2\/media?parent=5029"}],"wp:term":[{"taxonomy":"product_brand","embeddable":true,"href":"https:\/\/www.spirulineangevine.com\/index.php\/wp-json\/wp\/v2\/product_brand?post=5029"},{"taxonomy":"product_cat","embeddable":true,"href":"https:\/\/www.spirulineangevine.com\/index.php\/wp-json\/wp\/v2\/product_cat?post=5029"},{"taxonomy":"product_tag","embeddable":true,"href":"https:\/\/www.spirulineangevine.com\/index.php\/wp-json\/wp\/v2\/product_tag?post=5029"}],"curies":[{"name":"wp","href":"https:\/\/api.w.org\/{rel}","templated":true}]}}