{"id":5316,"date":"2025-10-09T10:33:35","date_gmt":"2025-10-09T10:33:35","guid":{"rendered":"http:\/\/rtdszcw.cluster100.hosting.ovh.net\/?page_id=5316"},"modified":"2025-11-06T15:36:44","modified_gmt":"2025-11-06T15:36:44","slug":"mentions-legales","status":"publish","type":"page","link":"https:\/\/www.spirulineangevine.com\/index.php\/mentions-legales\/","title":{"rendered":"Mentions l\u00e9gales"},"content":{"rendered":"\n<p>Conform\u00e9ment aux dispositions des Articles 6-III et 19 de la Loi n\u00b02004-575 du 21 juin 2004 pour la Confiance dans l\u2019\u00e9conomie num\u00e9rique, dite L.C.E.N., il est port\u00e9 \u00e0 la connaissance des utilisateurs et visiteurs, ci-apr\u00e8s l&rsquo;<strong>Utilisateur<\/strong>, du site www.spirulineangevine.com, ci-apr\u00e8s le <strong>Site<\/strong>, les pr\u00e9sentes mentions l\u00e9gales.<\/p>\n\n\n\n<p>La connexion et la navigation sur le Site par l\u2019Utilisateur implique acceptation int\u00e9grale et sans r\u00e9serve des pr\u00e9sentes mentions l\u00e9gales.<\/p>\n\n\n\n<p>Ces derni\u00e8res sont accessibles sur le Site \u00e0 la rubrique <strong>Mentions l\u00e9gales<\/strong>.<\/p>\n\n\n\n<h2 class=\"wp-block-heading\">Article 1 &#8211; L&rsquo;\u00e9diteur<\/h2>\n\n\n\n<p>L&rsquo;\u00e9dition du Site est assur\u00e9e par <strong>Spiruline angevine<\/strong>, entreprise individuelle immatricul\u00e9e au Registre du Commerce et des Soci\u00e9t\u00e9s d\u2019Angers sous le num\u00e9ro 849 725 825 dont le si\u00e8ge social est situ\u00e9 au<\/p>\n\n\n\n<p>11 Lieu-dit&nbsp;La Pr\u00e9e <br>Brain sur Longuen\u00e9e <br>49220 Erdre-en-Anjou<\/p>\n\n\n\n<p><a href=\"mailto:spirulineangevine@outlook.fr\">spirulineangevine@outlook.fr<\/a><\/p>\n\n\n\n<p>Le Directeur de la publication est Florence de la Bastille<\/p>\n\n\n\n<p>ci-apr\u00e8s l'\u00a0\u00bb<strong>Editeur<\/strong>\u00ab\u00a0.<\/p>\n\n\n\n<h2 class=\"wp-block-heading\">Article 2 &#8211; Conception et H\u00e9bergement<\/h2>\n\n\n\n<p>La conception du site a \u00e9t\u00e9 assur\u00e9e par <strong>Elise Roy<\/strong>, entreprise individuelle immatricul\u00e9e au Registre du Commerce et des Soci\u00e9t\u00e9s d\u2019Angers sous le num\u00e9ro 817 540 313 dont le si\u00e8ge social est situ\u00e9 au 43 rue Saint-Maurille 49290 Chalonnes-sur-Loire.<\/p>\n\n\n\n<p><a href=\"mailto:contact@elise-roy.fr\">contact@elise-roy.fr<\/a><\/p>\n\n\n\n<p><a href=\"http:\/\/www.elise-roy.fr\/\">www.elise-roy.fr<\/a><\/p>\n\n\n\n<p>L&rsquo;h\u00e9bergeur du Site est la soci\u00e9t\u00e9 <strong>OVH&nbsp;Groupe SA<\/strong>, soci\u00e9t\u00e9 immatricul\u00e9e au RCS de Lille sous le num\u00e9ro 537 407 926 sise 2 rue Kellermann, 59100 Roubaix.<\/p>\n\n\n\n<p><strong>09 72 10 10 10<\/strong><\/p>\n\n\n\n<h2 class=\"wp-block-heading\">Article 3 &#8211; Acc\u00e8s au site<\/h2>\n\n\n\n<p>Le Site est accessible en tout endroit, 7j\/7, 24h\/24 sauf cas de force majeure, interruption programm\u00e9e ou non et pouvant d\u00e9coulant d\u2019une n\u00e9cessit\u00e9 de maintenance.<\/p>\n\n\n\n<p>En cas de modification, interruption ou suspension du Site, l&rsquo;Editeur ne saurait \u00eatre tenu responsable.<\/p>\n\n\n\n<h2 class=\"wp-block-heading\">Article 4 &#8211; Collecte des donn\u00e9es<\/h2>\n\n\n\n<p>Le Site assure \u00e0 l&rsquo;Utilisateur une collecte et un traitement d&rsquo;informations personnelles dans le respect de la vie priv\u00e9e conform\u00e9ment \u00e0 la loi n\u00b078-17 du 6 janvier 1978 relative \u00e0 l&rsquo;informatique, aux fichiers et aux libert\u00e9s.<\/p>\n\n\n\n<p>En vertu de la loi Informatique et Libert\u00e9s, en date du 6 janvier 1978, l&rsquo;Utilisateur dispose d&rsquo;un droit d&rsquo;acc\u00e8s, de rectification, de suppression et d&rsquo;opposition de ses donn\u00e9es personnelles. L&rsquo;Utilisateur exerce ce droit :<\/p>\n\n\n\n<p>\u00b7 par mail \u00e0 l&rsquo;adresse : <a href=\"mailto:contact@olivierbouchon.fr\"><\/a><a href=\"mailto:spirulineangevine@outlook.fr\">spirulineangevine@outlook.fr<\/a><\/p>\n\n\n\n<p>Toute utilisation, reproduction, diffusion, commercialisation, modification de toute ou partie du Site\ufeff, sans autorisation de l\u2019Editeur est prohib\u00e9e et pourra entra\u00een\u00e9e des actions et poursuites judiciaires telles que notamment pr\u00e9vues par le Code de la propri\u00e9t\u00e9 intellectuelle et le Code civil.<\/p>\n","protected":false},"excerpt":{"rendered":"<p>Conform\u00e9ment aux dispositions des Articles 6-III et 19 de la Loi n\u00b02004-575 du 21 juin 2004 pour la Confiance dans l\u2019\u00e9conomie num\u00e9rique, dite L.C.E.N., il est port\u00e9 \u00e0 la connaissance des utilisateurs et visiteurs, ci-apr\u00e8s l&rsquo;Utilisateur, du site www.spirulineangevine.com, ci-apr\u00e8s le Site, les pr\u00e9sentes mentions l\u00e9gales. La connexion et la navigation sur le Site par [&hellip;]<\/p>\n","protected":false},"author":1,"featured_media":0,"parent":0,"menu_order":0,"comment_status":"closed","ping_status":"closed","template":"","meta":{"_vp_format_video_url":"","_vp_image_focal_point":[],"footnotes":""},"class_list":["post-5316","page","type-page","status-publish","hentry"],"aioseo_notices":[],"jetpack_sharing_enabled":true,"_links":{"self":[{"href":"https:\/\/www.spirulineangevine.com\/index.php\/wp-json\/wp\/v2\/pages\/5316","targetHints":{"allow":["GET"]}}],"collection":[{"href":"https:\/\/www.spirulineangevine.com\/index.php\/wp-json\/wp\/v2\/pages"}],"about":[{"href":"https:\/\/www.spirulineangevine.com\/index.php\/wp-json\/wp\/v2\/types\/page"}],"author":[{"embeddable":true,"href":"https:\/\/www.spirulineangevine.com\/index.php\/wp-json\/wp\/v2\/users\/1"}],"replies":[{"embeddable":true,"href":"https:\/\/www.spirulineangevine.com\/index.php\/wp-json\/wp\/v2\/comments?post=5316"}],"version-history":[{"count":3,"href":"https:\/\/www.spirulineangevine.com\/index.php\/wp-json\/wp\/v2\/pages\/5316\/revisions"}],"predecessor-version":[{"id":5439,"href":"https:\/\/www.spirulineangevine.com\/index.php\/wp-json\/wp\/v2\/pages\/5316\/revisions\/5439"}],"wp:attachment":[{"href":"https:\/\/www.spirulineangevine.com\/index.php\/wp-json\/wp\/v2\/media?parent=5316"}],"curies":[{"name":"wp","href":"https:\/\/api.w.org\/{rel}","templated":true}]}}