{"id":5237,"date":"2025-09-30T13:16:48","date_gmt":"2025-09-30T13:16:48","guid":{"rendered":"http:\/\/rtdszcw.cluster100.hosting.ovh.net\/?page_id=5237"},"modified":"2026-02-19T10:21:29","modified_gmt":"2026-02-19T10:21:29","slug":"points-de-vente","status":"publish","type":"page","link":"https:\/\/www.spirulineangevine.com\/index.php\/boutique\/points-de-vente\/","title":{"rendered":"Points de vente"},"content":{"rendered":"\n<figure class=\"wp-block-image size-large\"><img decoding=\"async\" src=\"https:\/\/www.spirulineangevine.com\/wp-content\/uploads\/2025\/09\/female-client-vendor-drinking-cup-hot-coffee-farmers-market_web.jpg\" alt=\"\"\/><\/figure>\n\n\n\n<p>Achetez votre spiruline pr\u00e9f\u00e9r\u00e9e en ligne, mais aussi sur les march\u00e9s et magasins de la r\u00e9gion. Ce sera l&rsquo;occasion de me rencontrer et de d\u00e9couvrir des produits locaux compl\u00e9mentaires.<\/p>\n\n\n\n<div class=\"wp-block-buttons is-layout-flex wp-block-buttons-is-layout-flex\">\n<div class=\"wp-block-button has-custom-width wp-block-button__width-100\"><a class=\"wp-block-button__link wp-element-button\" href=\"https:\/\/www.spirulineangevine.com\/index.php\/blog\/\"><strong>Actualit\u00e9s du mois<\/strong><\/a><\/div>\n<\/div>\n\n\n\n<h2 class=\"wp-block-heading\">Vente directe<\/h2>\n\n\n\n<p>Retrouvez-moi en vente directe sur les march\u00e9s suivants : <\/p>\n\n\n\n<ul class=\"wp-block-list\">\n<li><strong>Le 1<sup>er<\/sup> vendredi<\/strong> de chaque mois&nbsp;au&nbsp;<strong>Lion d&rsquo;Angers<\/strong>&nbsp;de 8h30 \u00e0 12h30<\/li>\n\n\n\n<li><strong>Le 2<sup>\u00e8me<\/sup> vendredi<\/strong> de chaque mois&nbsp;\u00e0&nbsp;<strong>Montreuil-Juign\u00e9<\/strong>&nbsp;de 8h \u00e0 13h<\/li>\n\n\n\n<li><strong>Le mercredi<\/strong>&nbsp;\u00e0&nbsp;<strong>Angers &#8211; place Lafayette<\/strong>&nbsp;de 7h45 \u00e0 13h15<\/li>\n<\/ul>\n\n\n\n<div class=\"wp-block-media-text is-stacked-on-mobile has-primary-background-color has-background\" style=\"grid-template-columns:15% auto\"><figure class=\"wp-block-media-text__media\"><a href=\"https:\/\/www.facebook.com\/Spiruline-angevine-1825809724158286\"><img loading=\"lazy\" decoding=\"async\" width=\"200\" height=\"200\" src=\"http:\/\/rtdszcw.cluster100.hosting.ovh.net\/wp-content\/uploads\/2025\/10\/icone_FB_200px_2.png\" alt=\"\" class=\"wp-image-5251 size-full\" srcset=\"https:\/\/www.spirulineangevine.com\/wp-content\/uploads\/2025\/10\/icone_FB_200px_2.png 200w, https:\/\/www.spirulineangevine.com\/wp-content\/uploads\/2025\/10\/icone_FB_200px_2-150x150.png 150w, https:\/\/www.spirulineangevine.com\/wp-content\/uploads\/2025\/10\/icone_FB_200px_2-96x96.png 96w, https:\/\/www.spirulineangevine.com\/wp-content\/uploads\/2025\/10\/icone_FB_200px_2-42x42.png 42w\" sizes=\"auto, (max-width: 200px) 100vw, 200px\" \/><\/a><\/figure><div class=\"wp-block-media-text__content\">\n<p class=\"has-background-color has-text-color has-link-color wp-elements-202eb130ac4ab1dc7d5cbb59f15c8afd\">\u200b\u200bPour tous les \u00e9v\u00e8nements ponctuels, rendez-vous sur&nbsp;<a href=\"https:\/\/www.facebook.com\/Spiruline-angevine-1825809724158286\" target=\"_blank\" rel=\"noreferrer noopener\">ma page Facebook<\/a>.<\/p>\n<\/div><\/div>\n\n\n\n<h2 class=\"wp-block-heading\">Dans vos \u00e9piceries locales<\/h2>\n\n\n\n<p>Retrouvez certains de mes produits en vente dans vos magasins locaux, en circuit court :<\/p>\n\n\n\n<ul class=\"wp-block-list\">\n<li>A&nbsp;<strong>Andard<\/strong>,&nbsp;<a href=\"https:\/\/www.a2pasdelo.fr\/\" target=\"_blank\" rel=\"noreferrer noopener\"><em>A 2 Pas d&rsquo;Elo<\/em><\/a>&nbsp;au 47 Grande Rue<\/li>\n\n\n\n<li>A&nbsp;<strong>Angers<\/strong>,\n<ul class=\"wp-block-list\">\n<li><a href=\"https:\/\/www.anjou-terrededouceur.fr\/\" target=\"_blank\" rel=\"noreferrer noopener\"><em>Anjou Terre de Douceur<\/em><\/a>&nbsp;au 15 place Sainte Croix<\/li>\n\n\n\n<li><a href=\"https:\/\/www.bocalie-epicerie.fr\/\" target=\"_blank\" rel=\"noreferrer noopener\"><em>Bocalie<\/em>&nbsp;<\/a>au 13 rue Saumuroise&nbsp; &nbsp; &nbsp; &nbsp; &nbsp; &nbsp; &nbsp; &nbsp;&nbsp;&nbsp;<\/li>\n\n\n\n<li><a href=\"https:\/\/www.bondici.fr\/magasin\/bon-dici-grand-maine\/#informations\" target=\"_blank\" rel=\"noreferrer noopener\"><em>Bon d&rsquo;Ici<\/em><\/a><em>&nbsp;<\/em>au 1 rue de la Chambre aux Deniers (Grand Maine)<\/li>\n\n\n\n<li>\u00e0 la boutique <a href=\"https:\/\/www.produitenanjou.fr\/\" title=\"\">Produit en Anjou<\/a>, rue du Maine<\/li>\n\n\n\n<li><a href=\"https:\/\/ptitspoidscarottes.fr\/\" target=\"_blank\" rel=\"noreferrer noopener\"><em>P&rsquo;tits Poids Carottes<\/em><\/a>&nbsp;au 62 avenue du G\u00e9n\u00e9ral&nbsp;Patton&nbsp; &nbsp; &nbsp; &nbsp; &nbsp; &nbsp; &nbsp; &nbsp;&nbsp;&nbsp;<\/li>\n<\/ul>\n<\/li>\n\n\n\n<li>A&nbsp;<strong>Baug\u00e9<\/strong>,&nbsp;<a href=\"https:\/\/www.facebook.com\/osaveursbaugeoises\/\" target=\"_blank\" rel=\"noreferrer noopener\"><em>\u00d4 Saveurs Baugeoises<\/em><\/a>&nbsp;au 25 rue Basse<\/li>\n\n\n\n<li>A&nbsp;<strong>Briollay,<\/strong>&nbsp;<a href=\"https:\/\/www.lekiviv.fr\/\" target=\"_blank\" rel=\"noreferrer noopener\"><em>Le Kiviv<\/em><\/a>&nbsp;au 25 Grande Rue\u200b<\/li>\n\n\n\n<li>A&nbsp;<strong>Corz\u00e9<\/strong>,&nbsp;<a href=\"https:\/\/www.facebook.com\/people\/Lempreinte-%C3%89picerie\/61552509417366\/\" target=\"_blank\" rel=\"noreferrer noopener\"><em>L&rsquo;Empreinte<\/em>&nbsp;<\/a>au 4bis rue du Commerce\u200b<\/li>\n\n\n\n<li>A <strong>La Possoni\u00e8re<\/strong>, <em><a href=\"https:\/\/www.facebook.com\/profile.php?id=61580820270690&amp;mibextid=wwXIfr&amp;rdid=EsxQ2Gd5WA5yKc6c&amp;share_url=https%3A%2F%2Fwww.facebook.com%2Fshare%2F1KPhmxWvPH%2F%3Fmibextid%3DwwXIfr\" title=\"\">Petits D\u00e9lices d&rsquo;Alice<\/a> au 19 place de la Mairie<\/em><\/li>\n\n\n\n<li>A <strong>Montjean-sur-Loire<\/strong>, <em>Au Panier Gourmand<\/em> au 15 bis Rue d&rsquo;Anjou<\/li>\n\n\n\n<li>A&nbsp;<strong>Tierc\u00e9<\/strong>,&nbsp;<a href=\"https:\/\/tendance-bio.business.site\/\" target=\"_blank\" rel=\"noreferrer noopener\"><em>Tendance Bio<\/em><\/a>&nbsp;au 37 rue d&rsquo;Anjou\u200b<\/li>\n\n\n\n<li>En tourn\u00e9e avec le camion&nbsp;Le&nbsp;<a href=\"https:\/\/www.facebook.com\/Le-Vrac-au-Village-101832422443854\" target=\"_blank\" rel=\"noreferrer noopener\">Vrac au Village<\/a>\u200b<\/li>\n\n\n\n<li>Au&nbsp;<strong>Locavor&nbsp;<\/strong>de&nbsp;<em><a href=\"https:\/\/locavor.fr\/318-locavor-pellouailles-les-vignes\" target=\"_blank\" rel=\"noreferrer noopener\">Pellouailles-les-Vignes<\/a><\/em><\/li>\n<\/ul>\n\n\n\n<h2 class=\"wp-block-heading\">Dans vos magasins de producteurs<\/h2>\n\n\n\n<p><\/p>\n\n\n\n<ul class=\"wp-block-list\">\n<li>A&nbsp;<strong>Angers<\/strong>, au <a href=\"https:\/\/www.driveangevin.fr\/\" title=\"\"><em>Drive angevin<\/em><\/a>, rue du Maine<\/li>\n\n\n\n<li>A <strong>Avrill\u00e9 <\/strong>et diff\u00e9rents points de distribution de <a href=\"https:\/\/www.brancherlocal.fr\/\" title=\"\"><em>Brancher Local<\/em><\/a><\/li>\n\n\n\n<li>A&nbsp;<strong>Beaucouz\u00e9,<\/strong>&nbsp;\u00e0&nbsp;<a href=\"https:\/\/www.facebook.com\/fermedelagrandehoussaie\/\" target=\"_blank\" rel=\"noreferrer noopener\"><em>La Ferme de la Grande Houssaie<\/em><\/a><\/li>\n\n\n\n<li>A&nbsp;<strong>Beaufort-en-Anjou<\/strong>,&nbsp;<a href=\"https:\/\/www.facebook.com\/Saveurslocales49\/\" target=\"_blank\" rel=\"noreferrer noopener\"><em>Local des Saveurs<\/em><\/a>, ZAC \u00ab la Poissonni\u00e8re \u00bb<br> &nbsp; &nbsp; &nbsp; &nbsp; &nbsp; &nbsp; &nbsp; &nbsp; &nbsp; &nbsp;<em><a href=\"https:\/\/www.driveboisdanjou.fr\/\" target=\"_blank\" rel=\"noreferrer noopener\">Drive des Bois d&rsquo;Anjou<\/a><\/em>, plusieurs lieux \u00e0 proximit\u00e9\u200b<\/li>\n\n\n\n<li>A <strong>Grez-Neuville<\/strong>, <em><a href=\"https:\/\/www.facebook.com\/profile.php?id=100071289751824&amp;sk=photos\" title=\"\">La Prairie<\/a><\/em><\/li>\n\n\n\n<li>A&nbsp;<strong>Saint Cl\u00e9ment de la Place<\/strong>,&nbsp;<em>La&nbsp;<\/em><a href=\"https:\/\/www.facebook.com\/lesporcsdubutiloire\/\" target=\"_blank\" rel=\"noreferrer noopener\"><em>Ferme du Butiloir<\/em><\/a>e<\/li>\n\n\n\n<li>A&nbsp;<strong>Seiches-sur-le-Loir,<\/strong>&nbsp;<a href=\"https:\/\/www.facebook.com\/people\/De-la-terre-%C3%A0-lassiette\/100038889434139\/\" target=\"_blank\" rel=\"noreferrer noopener\"><em>De la Terre \u00e0 l&rsquo;Assiette<\/em><\/a>&nbsp;\u00e0 Marolle\u200b<\/li>\n\n\n\n<li>A&nbsp;<strong>Varades<\/strong>,&nbsp;<a href=\"https:\/\/www.herbesdepona.com\/\" target=\"_blank\" rel=\"noreferrer noopener\"><em>Les Herbes d&rsquo;Epona<\/em><\/a>&nbsp;au 184 Chemin de la B\u00e9noti\u00e8re<\/li>\n<\/ul>\n\n\n\n<hr class=\"wp-block-separator has-alpha-channel-opacity\"\/>\n\n\n\n<p class=\"has-text-align-center\">Vous pouvez toujours commander en ligne.<\/p>\n\n\n\n<div class=\"wp-block-buttons is-content-justification-center is-layout-flex wp-container-core-buttons-is-layout-a89b3969 wp-block-buttons-is-layout-flex\">\n<div class=\"wp-block-button\"><a class=\"wp-block-button__link wp-element-button\" href=\"https:\/\/www.spirulineangevine.com\/index.php\/boutique\/\"><img loading=\"lazy\" decoding=\"async\" width=\"20\" height=\"20\" class=\"wp-image-5253\" style=\"width: 20px;\" src=\"http:\/\/www.spirulineangevine.com\/wp-content\/uploads\/2025\/10\/ajouter-un-panier.png\" alt=\"\" srcset=\"https:\/\/www.spirulineangevine.com\/wp-content\/uploads\/2025\/10\/ajouter-un-panier.png 64w, https:\/\/www.spirulineangevine.com\/wp-content\/uploads\/2025\/10\/ajouter-un-panier-42x42.png 42w\" sizes=\"auto, (max-width: 20px) 100vw, 20px\" \/> Commander en ligne<\/a><\/div>\n<\/div>\n\n\n\n<p><\/p>\n","protected":false},"excerpt":{"rendered":"<p>Achetez votre spiruline pr\u00e9f\u00e9r\u00e9e en ligne, mais aussi sur les march\u00e9s et magasins de la r\u00e9gion. Ce sera l&rsquo;occasion de me rencontrer et de d\u00e9couvrir des produits locaux compl\u00e9mentaires. Vente directe Retrouvez-moi en vente directe sur les march\u00e9s suivants : \u200b\u200bPour tous les \u00e9v\u00e8nements ponctuels, rendez-vous sur&nbsp;ma page Facebook. Dans vos \u00e9piceries locales Retrouvez certains [&hellip;]<\/p>\n","protected":false},"author":1,"featured_media":5239,"parent":8,"menu_order":0,"comment_status":"closed","ping_status":"closed","template":"","meta":{"_vp_format_video_url":"","_vp_image_focal_point":[],"footnotes":""},"class_list":["post-5237","page","type-page","status-publish","has-post-thumbnail","hentry"],"aioseo_notices":[],"jetpack_sharing_enabled":true,"_links":{"self":[{"href":"https:\/\/www.spirulineangevine.com\/index.php\/wp-json\/wp\/v2\/pages\/5237","targetHints":{"allow":["GET"]}}],"collection":[{"href":"https:\/\/www.spirulineangevine.com\/index.php\/wp-json\/wp\/v2\/pages"}],"about":[{"href":"https:\/\/www.spirulineangevine.com\/index.php\/wp-json\/wp\/v2\/types\/page"}],"author":[{"embeddable":true,"href":"https:\/\/www.spirulineangevine.com\/index.php\/wp-json\/wp\/v2\/users\/1"}],"replies":[{"embeddable":true,"href":"https:\/\/www.spirulineangevine.com\/index.php\/wp-json\/wp\/v2\/comments?post=5237"}],"version-history":[{"count":20,"href":"https:\/\/www.spirulineangevine.com\/index.php\/wp-json\/wp\/v2\/pages\/5237\/revisions"}],"predecessor-version":[{"id":5624,"href":"https:\/\/www.spirulineangevine.com\/index.php\/wp-json\/wp\/v2\/pages\/5237\/revisions\/5624"}],"up":[{"embeddable":true,"href":"https:\/\/www.spirulineangevine.com\/index.php\/wp-json\/wp\/v2\/pages\/8"}],"wp:featuredmedia":[{"embeddable":true,"href":"https:\/\/www.spirulineangevine.com\/index.php\/wp-json\/wp\/v2\/media\/5239"}],"wp:attachment":[{"href":"https:\/\/www.spirulineangevine.com\/index.php\/wp-json\/wp\/v2\/media?parent=5237"}],"curies":[{"name":"wp","href":"https:\/\/api.w.org\/{rel}","templated":true}]}}